er when 379 is divided by 77?
71
What is the remainder when 177 is divided by 27?
15
What is the remainder when 157 is divided by 77?
3
What is the remainder when 243 is divided by 79?
6
What is the remainder when 3354 is divided by 15?
9
Calculate the remainder when 1637 is divided by 31.
25
Calculate the remainder when 1791 is divided by 60.
51
Calculate the remainder when 5541 is divided by 23.
21
What is the remainder when 29 is divided by 5?
4
Calculate the remainder when 149 is divided by 32.
21
Calculate the remainder when 94 is divided by 19.
18
Calculate the remainder when 169 is divided by 19.
17
What is the remainder when 7137 is divided by 17?
14
Calculate the remainder when 125 is divided by 67.
58
What is the remainder when 128 is divided by 80?
48
Calculate the remainder when 102 is divided by 51.
0
Calculate the remainder when 1350 is divided by 23.
16
Calculate the remainder when 453 is divided by 31.
19
Calculate the remainder when 415 is divided by 39.
25
Calculate the remainder when 270 is divided by 101.
68
What is the remainder when 74 is divided by 10?
4
Calculate the remainder when 332 is divided by 12.
8
Calculate the remainder when 74 is divided by 16.
10
Calculate the remainder when 1920 is divided by 213.
3
Calculate the remainder when 453 is divided by 35.
33
What is the remainder when 6062 is divided by 606?
2
What is the remainder when 80 is divided by 41?
39
Calculate the remainder when 1529 is divided by 28.
17
Calculate the remainder when 56 is divided by 33.
23
Calculate the remainder when 37 is divided by 23.
14
Calculate the remainder when 3760 is divided by 209.
207
Calculate the remainder when 55 is divided by 12.
7
What is the remainder when 401 is divided by 97?
13
What is the remainder when 233 is divided by 67?
32
What is the remainder when 220 is divided by 86?
48
Calculate the remainder when 83 is divided by 63.
20
What is the remainder when 212 is divided by 12?
8
Calculate the remainder when 88 is divided by 18.
16
Calculate the remainder when 1024 is divided by 19.
17
What is the remainder when 433 is divided by 14?
13
What is the remainder when 106 is divided by 48?
10
Calculate the remainder when 3228 is divided by 170.
168
What is the remainder when 1594 is divided by 202?
180
Calculate the remainder when 554 is divided by 5.
4
Calculate the remainder when 276 is divided by 93.
90
What is the remainder when 30 is divided by 29?
1
What is the remainder when 13 is divided by 6?
1
Calculate the remainder when 1493 is divided by 115.
113
What is the remainder when 164 is divided by 43?
35
Calculate the remainder when 424 is divided by 43.
37
What is the remainder when 122 is divided by 41?
40
What is the remainder when 1208 is divided by 64?
56
What is the remainder when 5606 is divided by 2796?
14
What is the remainder when 24 is divided by 12?
0
What is the remainder when 40 is divided by 21?
19
Calculate the remainder when 289 is divided by 7.
2
What is the remainder when 573 is divided by 229?
115
What is the remainder when 188 is divided by 38?
36
Calculate the remainder when 929 is divided by 18.
11
Calculate the remainder when 1028 is divided by 127.
12
Calculate the remainder when 45 is divided by 31.
14
What is the remainder when 1257 is divided by 34?
33
Calculate the remainder when 78 is divided by 27.
24
What is the remainder when 14687 is divided by 48?
47
What is the remainder when 261 is divided by 91?
79
What is the remainder when 99 is divided by 19?
4
Calculate the remainder when 118 is divided by 44.
30
What is the remainder when 120 is divided by 53?
14
What is the remainder when 896 is divided by 891?
5
Calculate the remainder when 162 is divided by 21.
15
What is the remainder when 712 is divided by 122?
102
What is the remainder when 8765 is divided by 25?
15
Calculate the remainder when 2354 is divided by 470.
4
What is the remainder when 936 is divided by 23?
16
Calculate the remainder when 36 is divided by 11.
3
What is the remainder when 162 is divided by 66?
30
What is the remainder when 101 is divided by 28?
17
What is the remainder when 2363 is divided by 12?
11
Calculate the remainder when 145 is divided by 19.
12
What is the remainder when 239 is divided by 214?
25
What is the remainder when 88 is divided by 48?
40
What is the remainder when 827 is divided by 52?
47
What is the remainder when 26 is divided by 6?
2
What is the remainder when 860 is divided by 48?
44
What is the remainder when 499 is divided by 47?
29
Calculate the remainder when 81 is divided by 80.
1
Calculate the remainder when 139 is divided by 38.
25
Calculate the remainder when 148 is divided by 49.
1
What is the remainder when 49 is divided by 10?
9
Calculate the remainder when 609 is divided by 18.
15
What is the remainder when 3105 is divided by 455?
375
What is the remainder when 225 is divided by 163?
62
Calculate the remainder when 2619 is divided by 53.
22
What is the remainder when 12344 is divided by 37?
23
What is the remainder when 12659 is divided by 1807?
10
What is the remainder when 259 is divided by 58?
27
What is the remainder when 92 is divided by 21?
8
Calculate the remainder when 442 is divided by 37.
35
Calculate the remainder when 26102 is divided by 227.
224
What is the remainder when 257 is divided by 6?
5
Calculate the remainder when 359 is divided by 136.
87
Calculate the remainder when 344 is divided by 87.
83
What is the remainder when 12095 is divided by 220?
215
Calculate the remainder when 181 is divided by 8.
5
What is the remainder when 133 is divided by 5?
3
Calculate the remainder when 1054 is divided by 296.
166
Calculate the remainder when 990 is divided by 245.
10
Calculate the remainder when 188 is divided by 41.
24
Calculate the remainder when 66 is divided by 39.
27
Calculate the remainder when 13 is divided by 5.
3
Calculate the remainder when 20183 is divided by 232.
231
What is the remainder when 5352 is divided by 15?
12
Calculate the remainder when 147 is divided by 19.
14
What is the remainder when 218 is divided by 103?
12
Calculate the remainder when 97 is divided by 67.
30
What is the remainder when 372 is divided by 22?
20
Calculate the remainder when 125 is divided by 73.
52
What is the remainder when 77 is divided by 6?
5
Calculate the remainder when 127 is divided by 32.
31
Calculate the remainder when 3635 is divided by 26.
21
What is the remainder when 115 is divided by 57?
1
What is the remainder when 821 is divided by 198?
29
What is the remainder when 400 is divided by 99?
4
Calculate the remainder when 72 is divided by 37.
35
What is the remainder when 951 is divided by 38?
1
Calculate the remainder when 1012 is divided by 39.
37
Calculate the remainder when 738 is divided by 20.
18
What is the remainder when 1402 is divided by 39?
37
Calculate the remainder when 5636 is divided by 2809.
18
What is the remainder when 4409 is divided by 138?
131
Calculate the remainder when 871 is divided by 291.
289
Calculate the remainder when 280 is divided by 49.
35
What is the remainder when 1925 is divided by 388?
373
What is the remainder when 450 is divided by 72?
18
What is the remainder when 2006 is divided by 15?
11
Calculate the remainder when 301 is divided by 24.
13
What is the remainder when 141 is divided by 29?
25
Calculate the remainder when 303 is divided by 16.
15
What is the remainder when 201 is divided by 31?
15
What is the remainder when 387 is divided by 237?
150
Calculate the remainder when 355 is divided by 152.
51
Calculate the remainder when 91 is divided by 15.
1
Calculate the remainder when 732 is divided by 111.
66
Calculate the remainder when 368 is divided by 59.
14
Calculate the remainder when 4553 is divided by 97.
91
Calculate the remainder when 20 is divided by 13.
7
What is the remainder when 417 is divided by 10?
7
What is the remainder when 2119 is divided by 1055?
9
Calculate the remainder when 138 is divided by 13.
8
Calculate the remainder when 189 is divided by 94.
1
What is the remainder when 539 is divided by 54?
53
Calculate the remainder when 71 is divided by 27.
17
What is the remainder when 142 is divided by 5?
2
Calculate the remainder when 72 is divided by 19.
15
Calculate the remainder when 3489 